{"id":871,"date":"2021-06-07T20:44:50","date_gmt":"2021-06-07T20:44:50","guid":{"rendered":"https:\/\/manualidadesdemart.com\/Allbrandsmid\/producto\/short-columbia-nio-xl18-20\/"},"modified":"2025-08-09T18:27:52","modified_gmt":"2025-08-09T18:27:52","slug":"short-columbia-nio-xl18-20","status":"publish","type":"product","link":"https:\/\/manualidadesdemart.com\/Allbrandsmid\/shop\/ninas\/12-18-anos-ninas\/short-columbia-nio-xl18-20\/","title":{"rendered":"SHORT COLUMBIA NI\u00d1O XL(18\/20)"},"content":{"rendered":"<p>SHORT TRAJE DE BA\u00d1O<\/p>\n<p>MARCA: COLUMBIA<\/p>\n<p>TALLA: NI\u00d1O XL(18\/20)<\/p>\n<p>Comodidad, protecci\u00f3n y un ajuste perfecto son est\u00e1ndares para la ropa juvenil de Columbia. El PFG Super Water Short demuestra que esto es cierto con su durabilidad y comodidad durante las actividades de agua a tierra. Estos son los nuevos pantalones cortos favoritos de tu peque\u00f1o. La tecnolog\u00eda de estos pantalones cortos proporciona la m\u00e1xima protecci\u00f3n. Nuestra protecci\u00f3n UPF\u00a0 integrada trabaja duro para bloquear los rayos del sol UVA y UVB para ayudar a prevenir quemaduras solares y da\u00f1os a largo plazo por el sol. El tejido 100% nailon de secado r\u00e1pido proporciona comodidad y transpirabilidad.<\/p>\n<p>Deje la preocupaci\u00f3n para nosotros: los dos bolsillos laterales de estos pantalones cortos proporcionan suficiente espacio para mantener los objetos m\u00e1s peque\u00f1os seguros.<\/p>\n<p class=\"ui-pdp-descriptioncontent\" style=\"margin: 0cm; margin-bottom: .0001pt; background: white;\">\n","protected":false},"excerpt":{"rendered":"<p>TALLA: NI\u00d1O XL(18\/20)<\/p>\n","protected":false},"featured_media":1132,"template":"","meta":[],"product_cat":[34,92,33,95],"product_tag":[173,172,169,170,171],"class_list":{"0":"post-871","1":"product","2":"type-product","3":"status-publish","4":"has-post-thumbnail","6":"product_cat-ninas","7":"product_cat-12-18-anos-ninas","8":"product_cat-ninos","9":"product_cat-12-18-anos-ninos","10":"product_tag-nino","11":"product_tag-pesca","12":"product_tag-playa","13":"product_tag-short","14":"product_tag-traje-de-bano","16":"first","17":"instock","18":"purchasable","19":"product-type-simple"},"_links":{"self":[{"href":"https:\/\/manualidadesdemart.com\/Allbrandsmid\/wp-json\/wp\/v2\/product\/871","targetHints":{"allow":["GET"]}}],"collection":[{"href":"https:\/\/manualidadesdemart.com\/Allbrandsmid\/wp-json\/wp\/v2\/product"}],"about":[{"href":"https:\/\/manualidadesdemart.com\/Allbrandsmid\/wp-json\/wp\/v2\/types\/product"}],"wp:featuredmedia":[{"embeddable":true,"href":"https:\/\/manualidadesdemart.com\/Allbrandsmid\/wp-json\/wp\/v2\/media\/1132"}],"wp:attachment":[{"href":"https:\/\/manualidadesdemart.com\/Allbrandsmid\/wp-json\/wp\/v2\/media?parent=871"}],"wp:term":[{"taxonomy":"product_cat","embeddable":true,"href":"https:\/\/manualidadesdemart.com\/Allbrandsmid\/wp-json\/wp\/v2\/product_cat?post=871"},{"taxonomy":"product_tag","embeddable":true,"href":"https:\/\/manualidadesdemart.com\/Allbrandsmid\/wp-json\/wp\/v2\/product_tag?post=871"}],"curies":[{"name":"wp","href":"https:\/\/api.w.org\/{rel}","templated":true}]}}